{"id":575,"date":"2024-06-27T13:28:36","date_gmt":"2024-06-27T11:28:36","guid":{"rendered":"https:\/\/psychomot-dardilly.fr\/?page_id=575"},"modified":"2024-06-27T13:31:05","modified_gmt":"2024-06-27T11:31:05","slug":"mentions-legales","status":"publish","type":"page","link":"https:\/\/psychomot-dardilly.fr\/index.php\/mentions-legales\/","title":{"rendered":"Mentions l\u00e9gales"},"content":{"rendered":"\t\t<div data-elementor-type=\"wp-page\" data-elementor-id=\"575\" class=\"elementor elementor-575\">\n\t\t\t\t\t\t<section class=\"elementor-section elementor-top-section elementor-element elementor-element-a7a6e04 elementor-section-boxed elementor-section-height-default elementor-section-height-default\" data-id=\"a7a6e04\" data-element_type=\"section\">\n\t\t\t\t\t\t<div class=\"elementor-container elementor-column-gap-default\">\n\t\t\t\t\t<div class=\"elementor-column elementor-col-100 elementor-top-column elementor-element elementor-element-ff8b2ad\" data-id=\"ff8b2ad\" data-element_type=\"column\">\n\t\t\t<div class=\"elementor-widget-wrap elementor-element-populated\">\n\t\t\t\t\t\t<div class=\"elementor-element elementor-element-62f8747 elementor-widget elementor-widget-text-editor\" data-id=\"62f8747\" data-element_type=\"widget\" data-widget_type=\"text-editor.default\">\n\t\t\t\t<div class=\"elementor-widget-container\">\n\t\t\t<style>\/*! elementor - v3.22.0 - 26-06-2024 *\/\n.elementor-widget-text-editor.elementor-drop-cap-view-stacked .elementor-drop-cap{background-color:#69727d;color:#fff}.elementor-widget-text-editor.elementor-drop-cap-view-framed .elementor-drop-cap{color:#69727d;border:3px solid;background-color:transparent}.elementor-widget-text-editor:not(.elementor-drop-cap-view-default) .elementor-drop-cap{margin-top:8px}.elementor-widget-text-editor:not(.elementor-drop-cap-view-default) .elementor-drop-cap-letter{width:1em;height:1em}.elementor-widget-text-editor .elementor-drop-cap{float:left;text-align:center;line-height:1;font-size:50px}.elementor-widget-text-editor .elementor-drop-cap-letter{display:inline-block}<\/style>\t\t\t\t<h4 style=\"text-align: left;\">1. Informations l\u00e9gales<\/h4><p>Nom du site : Chlo\u00e9 SIROT<\/p><p>Adresse du site : https:\/\/psychomot-dardilly.fr<\/p><p>Propri\u00e9taire : Chlo\u00e9 SIROT<\/p><p>Adresse du propri\u00e9taire : 59 Avenue de Verdun, 69570 Dardilly<\/p><p>Adresse \u00e9lectronique : c.sirot@psychomot-dardilly.fr<\/p><h4 style=\"text-align: left;\">2. H\u00e9bergeur du site<\/h4><p>Le site est h\u00e9berg\u00e9 par OVH<\/p><p>Adresse de l&rsquo;h\u00e9bergeur : 2 rue Kellerman, 59100 ROUBAIX<\/p><h4 style=\"text-align: left;\">3. Propri\u00e9t\u00e9 intellectuelle<\/h4><p>Le contenu de ce site, y compris mais sans s&rsquo;y limiter, les textes, graphiques, images, logos, vid\u00e9os, ic\u00f4nes, boutons, logiciels, ainsi que la mise en page, sont la propri\u00e9t\u00e9 exclusive de la soci\u00e9t\u00e9 Chlo\u00e9 SIROT et sont prot\u00e9g\u00e9s par les lois nationales et internationales sur le droit d&rsquo;auteur.<\/p><h4 style=\"text-align: left;\">4. Collecte de donn\u00e9es personnelles<\/h4><p>Ce site peut collecter des donn\u00e9es personnelles \u00e0 des fins telles que l\u2019exp\u00e9rience utilisateur. Les utilisateurs ont le droit d&rsquo;acc\u00e9der \u00e0, de modifier ou de supprimer leurs donn\u00e9es personnelles sur simple demande par email en contactant c.sirot@psychomot-dardilly.fr<\/p><h4 style=\"text-align: left;\">5. Cookies<\/h4><p>Ce site utilise des cookies. En utilisant ce site, l&rsquo;utilisateur consent \u00e0 l&rsquo;utilisation de cookies conform\u00e9ment \u00e0 la politique de confidentialit\u00e9.<\/p><h4 style=\"text-align: left;\">6. Liens externes<\/h4><p>Ce site peut contenir des liens vers des sites externes. La soci\u00e9t\u00e9 Chlo\u00e9 SIROT n&rsquo;est pas responsable du contenu ou de la politique de confidentialit\u00e9 de ces sites.<\/p><h4 style=\"text-align: left;\">7. Responsabilit\u00e9<\/h4><p>Le contenu de ce site Web, comme le texte, les images et tout autre support contenu dans le site Chlo\u00e9 SIROT est fourni \u00e0 titre informatif seulement. Le Contenu n\u2019est pas destin\u00e9 \u00e0 se substituer \u00e0 des conseils avant tout projet.<\/p><h4 style=\"text-align: left;\">8. Loi applicable et juridiction comp\u00e9tente<\/h4><p>Tout litige relatif \u00e0 l&rsquo;utilisation de ce site est soumis \u00e0 la loi fran\u00e7aise et \u00e0 la juridiction exclusive des tribunaux de LYON, France.<\/p><h4 style=\"text-align: left;\">9. Contact<\/h4><p>Pour toute question ou pr\u00e9occupation concernant ces mentions l\u00e9gales, veuillez nous contacter \u00e0 l&rsquo;adresse suivante : c.sirot@psychomot-dardilly.fr<\/p>\t\t\t\t\t\t<\/div>\n\t\t\t\t<\/div>\n\t\t\t\t\t<\/div>\n\t\t<\/div>\n\t\t\t\t\t<\/div>\n\t\t<\/section>\n\t\t\t\t<\/div>\n\t\t","protected":false},"excerpt":{"rendered":"<p>1. Informations l\u00e9gales Nom du site : Chlo\u00e9 SIROT Adresse du site : https:\/\/psychomot-dardilly.fr Propri\u00e9taire : Chlo\u00e9 SIROT Adresse du propri\u00e9taire : 59 Avenue de Verdun, 69570 Dardilly Adresse \u00e9lectronique &hellip; <\/p>\n","protected":false},"author":1,"featured_media":0,"parent":0,"menu_order":0,"comment_status":"closed","ping_status":"closed","template":"","meta":{"footnotes":""},"class_list":["post-575","page","type-page","status-publish","hentry"],"_links":{"self":[{"href":"https:\/\/psychomot-dardilly.fr\/index.php\/wp-json\/wp\/v2\/pages\/575","targetHints":{"allow":["GET"]}}],"collection":[{"href":"https:\/\/psychomot-dardilly.fr\/index.php\/wp-json\/wp\/v2\/pages"}],"about":[{"href":"https:\/\/psychomot-dardilly.fr\/index.php\/wp-json\/wp\/v2\/types\/page"}],"author":[{"embeddable":true,"href":"https:\/\/psychomot-dardilly.fr\/index.php\/wp-json\/wp\/v2\/users\/1"}],"replies":[{"embeddable":true,"href":"https:\/\/psychomot-dardilly.fr\/index.php\/wp-json\/wp\/v2\/comments?post=575"}],"version-history":[{"count":4,"href":"https:\/\/psychomot-dardilly.fr\/index.php\/wp-json\/wp\/v2\/pages\/575\/revisions"}],"predecessor-version":[{"id":579,"href":"https:\/\/psychomot-dardilly.fr\/index.php\/wp-json\/wp\/v2\/pages\/575\/revisions\/579"}],"wp:attachment":[{"href":"https:\/\/psychomot-dardilly.fr\/index.php\/wp-json\/wp\/v2\/media?parent=575"}],"curies":[{"name":"wp","href":"https:\/\/api.w.org\/{rel}","templated":true}]}}